common divisor of 6784 and z.
128
Let x(i) = -28*i**2 - 4*i - 5*i + 27*i**2 - 9 + 2*i. Let s be x(-11). Let r = 58 + s. What is the greatest common factor of 35 and r?
5
Let c be -3495*8/(-40) + -11. What is the highest common factor of c and 80?
16
Let n be (0 - -4)*(-15)/(-30). Suppose 80 = n*d - 18. Calculate the greatest common factor of 28 and d.
7
Let h be 6 - 10 - (-7 - 2/2). Suppose -22*r + 19*r + 6 = 0, -h*w + r + 318 = 0. Calculate the greatest common factor of 180 and w.
20
Let c(x) = x**2 - 126*x - 8543. Let q be c(-49). Let t(l) = 25*l**2 - 1. Let j be t(-1). Calculate the greatest common factor of q and j.
8
Let k(a) = 21*a**2 + a + 6. Suppose 3*q + 20 = 140. Let i = 38 - q. Let u be k(i). Calculate the highest common divisor of 8 and u.
8
Let z be (-9)/((-18)/(-4)) + 23. Let w = z - -4. Suppose w*t = 21*t + 252. Calculate the greatest common factor of t and 7.
7
Let a = 134 + -141. Let j be ((-18)/42 + (-136)/a)*3. Calculate the highest common divisor of j and 38.
19
Suppose 4*d + 291 = -4*l + 2163, -2*l = 6. Calculate the highest common factor of d and 9.
3
Let v(d) = 14*d**3 - 3*d**2 - 3*d + 1. Let x(l) = l + 17. Let s be x(-16). Let b be v(s). Calculate the highest common factor of 81 and b.
9
Suppose 37*p = 123925 + 33214. What is the highest common divisor of 274 and p?
137
Let j = -53 - -55. Suppose -j*x - 5*a = 14, x - 4*x + 4 = -5*a. Let b be x/8 + 27/12 - -448. What is the highest common factor of b and 50?
50
Let s be 2 + -4 + (124 + 2)/3. Suppose -66 = -t + 3*l - 4*l, 2*l + 69 = t. Let r = t - s. Calculate the greatest common divisor of 216 and r.
27
Let t = 264 - 261. Suppose 5*v + 771 - 307 = n, -4*v = t*n - 1392. Calculate the highest common factor of n and 29.
29
Let f = -1363 + 8318. What is the greatest common factor of 214 and f?
107
Let t be ((-11)/((-44)/(-80)))/((-2)/3). Let g be 2*(-25)/t*3. Let a be g/(-2)*132/10*1. What is the greatest common divisor of 99 and a?
33
Let g = 1233 + -246. Let w = g - 142. Suppose p = -v + 169, -w = -4*p + 4*v - 145. Calculate the highest common divisor of p and 43.
43
Let p = 1817 + -1679. Calculate the greatest common factor of p and 299.
23
Let r = -2362 - -3092. What is the greatest common factor of r and 90?
10
Let y = -3528 - -3624. Calculate the highest common divisor of y and 5472.
96
Let h = -25039 + 25179. Suppose 2*y + 0*y + w - 111 = 0, 117 = 2*y - 5*w. Calculate the highest common divisor of h and y.
28
Let w(o) = o**3 - 8*o**2 - 12*o - 62. Let l be w(10). What is the highest common divisor of 4086 and l?
18
Suppose 0 = -3*i - 6052 - 2174. Let g be i/(-36) - (-3 - 19/(-6)). Calculate the greatest common divisor of g and 190.
38
Let w = 22947 + -18995. Calculate the highest common divisor of 91 and w.
13
Let s(h) = -28*h + 7. Let q be s(-6). Let t be (-70)/q + 827/5. What is the greatest common factor of t and 30?
15
Suppose -4*t + 491 - 107 = 0. Suppose 0 = 3*f + 2*f - 1200. Calculate the highest common factor of f and t.
48
Suppose -1357 = -y - 2*k - 204, 5*y - 4*k - 5723 = 0. What is the greatest common factor of 814 and y?
37
Let z be 448/(-28)*1/(-2). Suppose -15*c + 256 = -11*c. Calculate the highest common factor of z and c.
8
Let q be 54 - -10 - (1 + (-6 - -2)). Let j = -60 + q. Let b(m) = m**2 - 12*m + 21. Let n be b(10). What is the highest common factor of n and j?
1
Let p be 840/(-240) - ((-19041)/2)/3. What is the highest common factor of 15 and p?
5
Suppose -166*p + 1122836 = 172*p. What is the greatest common divisor of 88 and p?
22
Let w(m) = 2*m + 20. Let t be w(-9). Suppose t*a + 3 = 39. Let h = -11 + 56. Calculate the highest common divisor of h and a.
9
Suppose 5*d + 9 = 29, -11*o - 2*d = -3561. Suppose -k = k - 38. What is the highest common divisor of k and o?
19
Let n be -1 - (-2 - (0 - -3)). Suppose -4*m - 70 = -3*f, -2*m + 74 = n*f + 10. Let h = 35 - 23. What is the greatest common divisor of f and h?
6
Let k(d) = 1587*d**3 + 2*d**2 - 19*d + 33. Let c be k(2). Calculate the highest common divisor of 34 and c.
17
Let o = 728 + -476. Let v be (1 - -3) + -2 + 14. Suppose -12 = -u + d + v, 3*u = 4*d + 84. What is the greatest common divisor of u and o?
28
Suppose 2*w - 2*m - 2731 = m, -m - 1362 = -w. What is the highest common divisor of w and 1084?
271
Let y = -60 - -81. Let c be (154 + -7)*36/y. Calculate the highest common factor of c and 28.
28
Let m = 37 - 21. Let o = 2684 - 2508. What is the greatest common factor of o and m?
16
Let m(r) = r**3 - 3*r**2 + 4*r - 2. Let t be m(2). Let x be (t + 11)*24/2. What is the greatest common factor of x and 260?
52
Suppose 0 = -4*q + 640 + 20. Let d = 213 - 208. What is the highest common factor of q and d?
5
Let k(l) = -7*l**2 + 92*l + 25. Let y be k(11). Calculate the greatest common divisor of 10 and y.
10
Let n(l) = 356*l + 24. Let m be n(10). Let c be 20/(-12) + m/48. What is the highest common divisor of c and 657?
73
Let c = -52 + 52. Suppose 312 = -c*m + 8*m. Calculate the highest common factor of m and 9.
3
Let w(d) = 17*d**2 - 16*d. Let z be w(3). Let b = 62 + -2. What is the highest common factor of b and z?
15
Let i be 2/(-2)*(-85)/(-5). Let m = -11 - i. Let z be -8*-1*(-2 + 8). Calculate the greatest common divisor of z and m.
6
Suppose 16*k - 41542 - 53322 = 0. What is the highest common factor of 121 and k?
121
Let n = 294 - -302. Let t = 604 - n. Calculate the highest common factor of 8 and t.
8
Let w be ((-6)/(-33) - 509055/(-77)) + 128/(-448). Calculate the highest common factor of w and 11.
11
Let n = 2776 - 2760. Calculate the greatest common factor of n and 9808.
16
Let c be (-286)/(-18) - (104/36 + -3). Suppose 0 = -c*f + 10*f + 42. Calculate the highest common factor of f and 49.
7
Let t(d) = 11*d**2 + 40*d + 141. Let y be t(-9). What is the greatest common factor of 560 and y?
112
Let a = -6755 - -6920. Calculate the greatest common factor of a and 880.
55
Let l(z) = 5*z**2 + 2*z - 8. Let r be l(-3). Suppose 10*h + 11 = r. Let g be (-76)/(-95) + (-16)/(-5). What is the highest common factor of g and h?
2
Let g = -908 - -940. Let q(u) = -u**2 + 11*u - 4. Let v be q(7). Calculate the greatest common divisor of g and v.
8
Suppose -5*w = 20, -5*x + 242*w = 238*w - 1256. Let u = 144 - -42. What is the highest common divisor of u and x?
62
Let y = 23792 + -23779. What is the greatest common factor of y and 41353?
13
Suppose -2*v - 12 = -6*g + 288, 4*v - 180 = -3*g. Calculate the highest common factor of 494 and g.
26
Let v(p) = 9*p**3 - 18*p**2 - 7*p + 38. Let z be v(4). Calculate the greatest common factor of z and 3427.
149
Suppose 0 = 3*m + o - 83, -7705 = 6*m - 5*o - 7794. Let v = 1 + 2. What is the greatest common factor of m and v?
3
Let x be (-18)/9*-3 - -1*4796. Calculate the greatest common divisor of 14 and x.
14
Let s = 12846 - 12804. Calculate the highest common divisor of s and 4683.
21
Suppose -36*k + 23*k = -14703. Calculate the greatest common factor of k and 348.
87
Suppose b = 5*u + 3 - 40, b - 3*u + 27 = 0. Let z(v) = v**2 + 11*v. Let q be z(b). Calculate the greatest common factor of q and 36.
12
Let q(u) = -u**2 + 29*u - 95. Let g be q(25). Suppose g*l = -40*l + 52290. What is the highest common factor of l and 14?
14
Let n(k) = -16*k - 2. Let x(f) = 13*f. Let l(i) = -2*n(i) - 3*x(i). Let o be l(-12). What is the greatest common divisor of o and 176?
88
Let a(y) = 17*y**2 - 47*y + 7. Let f be a(5). Suppose -19*b = -f - 31. What is the highest common factor of b and 60?
12
Suppose -4*d = 4*l - 96, -6*d + 36 = 2*l - d. Let w = -131 + 67. Let p = w - -92. What is the highest common factor of l and p?
28
Let p = 40541 + -40482. What is the highest common divisor of p and 1121?
59
Suppose -5*d - 3*i - 2*i + 105 = 0, -3*i - 105 = -4*d. Calculate the greatest common divisor of d and 1784.
8
Let m(k) = -26*k + 637. Let u be m(24). What is the greatest common factor of 286 and u?
13
Suppose 29903 + 82972 = 105*n. Calculate the highest common factor of n and 150.
25
Let u(a) = -2*a**2 - 8*a - 2. Let j be u(-2). Suppose 126 = j*v - 144. What is the highest common factor of v and 27?
9
Suppose -102*j - 3254 = -29*j - 9824. What is the greatest common divisor of 990 and j?
90
Let f = 95 + -95. Let x(u) = u**3 + u + 7. Let h be x(f). Let m be (-2)/h - 27463/(-203). Cal